- 3). Let q be ((-5)/h)/(2/12). Let i(f) = -5*f**2 + 0*f**2 + 3*f**2 - f**3 + 5*f**3 - 5*f**3. What is i(q)?
0
Suppose 0 = 9*f + 7 - 25. Let n(d) = -9*d - 18*d**3 + 4 - d + 33*d**3 - 14*d**3 - 7*d**f. Determine n(8).
-12
Let c(o) = 3*o**2 + o + 6 - 2*o**2 - 2*o. Suppose -3*i - 4*k = 36, -100*k + 97*k - 27 = -3*i. Calculate c(i).
6
Let y(f) be the first derivative of -f**2/2 - 8*f - 456. Let j be ((-15)/2 - -7)*34. Determine y(j).
9
Let w(u) = -17*u - 166. Let n be w(-9). Let y(g) = 4*g + 61. Let v be y(n). Let b(s) = s - 8. What is b(v)?
1
Suppose -7 = -2*j - 3. Let k(r) = r**3 + 4*r - 50*r**2 + 54*r**j - 5*r - 2. What is k(-4)?
2
Let w = 446 - 454. Let n(k) = 2 - 20*k + 14*k + 8*k - 1. Calculate n(w).
-15
Let x = -47 - -67. Let g(y) = 13*y + 2*y**2 + 19 - 29*y + 19*y**2 - 5*y - y**3. What is g(x)?
-1
Let o(g) = 10*g + 5*g + 35 + 4*g + 18*g - 53*g + g**2. What is o(14)?
7
Suppose 613 + 161 = 3*a. Let d = a - 262. Let q(i) = i**3 + 4*i**2 + 3*i - 2. Calculate q(d).
-14
Let t(j) = 13*j**3 + 28*j**2 - 9*j - 5. Let d(p) = -11*p**3 - 24*p**2 + 7*p + 6. Let r(v) = -7*d(v) - 6*t(v). Give r(0).
-12
Suppose -72 + 72 + 143 = -143*c. Let z(v) = -46*v**2 + 2*v + 3. Give z(c).
-45
Suppose 2*y + 6 = b, -3*b = 4 - 16. Let f be -3*(0 - y) + (-81)/(-3). Let g be f/30*(-15)/(-2). Let d(n) = -n + 8. Determine d(g).
2
Let g be 20/(-1)*(-801)/36. Let p(z) = -6*z + 445 - 890 + g. Calculate p(2).
-12
Let g(z) = z**3 - 46*z**2 - 4*z - 18. Let f(o) = 3*o**3 - 48*o**2 - 5*o - 17. Let n(h) = 2*f(h) - 3*g(h). Determine n(-14).
-8
Let i be (6/(-9) + 1)*12. Let s be 1*7 - i/(-4)*-3. Suppose 0 = 5*c + s*c + 63. Let h(k) = -k**3 - 7*k**2 - k + 2. What is h(c)?
9
Let t(i) = i**2 - 28*i + 175. Let y be t(19). Let r(z) be the second derivative of 2*z - 2*z**2 + 5/6*z**3 + 0 - 1/12*z**4. Calculate r(y).
0
Let n(a) = 3 + 0 - 2*a**2 + a + 2*a**2 - a**2. Let b(q) be the second derivative of q**4/4 - q**3/2 - 7*q**2/2 + 256*q. Let x(t) = 2*b(t) + 5*n(t). Give x(0).
1
Let g(o) = 4*o + 2. Let q be g(4). Let w(u) = u**2 - 26*u - 144. Let i be w(32). Let t(f) = 12 - 5*f - i + q + f**2 + 20. What is t(5)?
2
Let l(f) = 1842*f + 31 - 462*f - 461*f - 463*f - 461*f. Calculate l(11).
-24
Let b(i) = 63*i**3 + i**2 + 4*i - 80. Let y(a) = 4*a**3 - a**2 - 2. Let c(x) = -b(x) + 16*y(x). Calculate c(17).
-20
Let d(q) be the second derivative of q**5/20 + 5*q**4/12 + q**3/2 + 2*q**2 + 250*q - 2. Calculate d(-5).
-11
Let m(q) be the third derivative of -q**7/840 + q**6/72 + q**5/24 + q**4/12 - 5*q**3 + 15*q**2 - 2*q. Let z(c) be the first derivative of m(c). Give z(6).
-4
Let h(n) be the second derivative of -n**5/40 + n**4/24 - 10*n**3/3 + 5*n + 6. Let g(u) be the second derivative of h(u). Calculate g(7).
-20
Let v(t) = 85*t**3 - 7*t**2 + 16*t - 2. Let q(f) = -40*f**3 + 3*f**2 - 7*f + 1. Let p(y) = -9*q(y) - 4*v(y). Calculate p(-1).
-19
Let h(b) be the second derivative of b**5/20 - b**4/6 - b**3/6 - b**2/2 + 3236*b. Give h(2).
-3
Let p(j) = 6*j**2 + j**3 + 6 + 6*j - 8*j + j**2. Let f be (-5 - (-26)/13) + (-3 - 1). Give p(f).
20
Let o(n) = -n**2 - 33*n - 9. Let t be o(0). Let q(y) = 4*y + 37. Calculate q(t).
1
Let w(r) = -r**3 + 17*r**2 + 19*r - 12. Suppose -69 = -3*s - 3*g, 0 = 5*g + 2 - 27. Determine w(s).
6
Let x(n) = -n - 22. Let u = -83 + 88. Let c be 0/u*7/14. Determine x(c).
-22
Let x(c) = 37*c**3 + 93*c**2 - 49*c - 49. Let y(g) = 8*g**3 + 19*g**2 - 10*g - 10. Let m(o) = -3*x(o) + 14*y(o). Calculate m(12).
-53
Let h(k) = 6 - 6 + 6*k**2 - 6*k - k**3 + 7. Let f = 324 - -1. Let q = 330 - f. Determine h(q).
2
Let x(t) = -10*t - 21. Let r(w) = -4*w - 10. Let q(o) = -7*r(o) + 3*x(o). Suppose -3*k - 18 = -3*d, 0*k = -4*k. Give q(d).
-5
Let p = 3395 + -3394. Let c(q) = q**2 - 6*q. Give c(p).
-5
Let u(h) = -5*h**2 + h - 4. Let p(x) = -21*x**3 - 6*x**2 - x - 6. Let b(d) = -p(d) + u(d). Determine b(-1).
-20
Let s(p) = -7*p - 20. Let j(a) = 7*a + 22. Let d(k) = 4*j(k) + 5*s(k). Calculate d(-8).
44
Suppose 18 = 2*z + 2*c + c, 5*z = -3*c + 36. Suppose i = -2*t + 5*i, 2*i - z = -2*t. Let b(s) = 9*s - s - s**t - 11 + 3*s - 2*s. Calculate b(8).
-3
Let s(p) = 8*p - 13 + 16*p - 5*p - p**3 + 7*p - 12*p + 10*p**2. Give s(10).
127
Let x(n) be the first derivative of -1/120*n**6 - 5/24*n**4 + 0*n - 18*n**2 + 2/3*n**3 + 37 - 1/10*n**5. Let i(k) be the second derivative of x(k). Give i(-4).
-8
Let f(j) = 25*j**3 + 3*j**2 + j - 1. Let z(x) = 6*x**2 - 459*x - 232. Let t be z(77). Give f(t).
-24
Let b(u) = u**3 + 23*u**2 + 18*u + 20. Suppose 73 = 44*i + 1041. Give b(i).
108
Let m(f) = -2*f - 2. Let l = 23 - 19. Let b be (l/(-12))/1 + (-16)/(-3). Suppose -4 - 6 = -b*g. Give m(g).
-6
Let p = -152618 + 152626. Let m(n) = n**2 - 9*n + 3 - 2 + 2. What is m(p)?
-5
Let z be -17 + (-19)/133*-42. Let l(p) = -18*p - 188. Determine l(z).
10
Let i(f) = -2*f**2 + 13*f - 4. Let x be i(10). Let l = -72 - x. Let s(a) = -5*a**2 - 8*a**l + 2*a + 1 + 15*a**2. Determine s(-1).
1
Let u(b) = 25 - 15 + 34 + 20 + 3*b. Calculate u(-18).
10
Let c(o) be the second derivative of -2*o**3 + 0 - 1/12*o**4 - 11/2*o**2 - 6*o. Let m be -2*(-3)/(-4 + 1)*5. What is c(m)?
9
Suppose -2*c = 4*s - 26, 0 = s - 3*s - 3*c + 11. Let q(y) = -5*y**2 + 10*y - 56. Let h(j) = -26*j**2 + 51*j - 295. Let f(g) = -4*h(g) + 21*q(g). What is f(s)?
-3
Let r(q) be the third derivative of q**6/360 + q**5/120 - q**4/24 - 2*q**2. Let f(b) be the second derivative of r(b). Suppose 6*n - 2 = -14. What is f(n)?
-3
Let p = 5195 + -5211. Let w(y) = -y**2 - 17*y - 46. Give w(p).
-30
Let r(a) = a - 5. Let n be r(5). Let t(g) = 2*g - 124 + n*g**2 - g**3 - g**2 + 123. What is t(2)?
-9
Let c(q) be the first derivative of -1/2*q**2 + 2*q + 1/4*q**4 + 5/3*q**3 + 81. Determine c(-5).
7
Let z(h) be the second derivative of -h**5/20 - 2*h**4/3 + 2*h**2 - 6182*h. Let k(b) be the first derivative of 5*b**2/2 + 2*b - 2. Let a be k(-2). Give z(a).
4
Let h = 33995 + -33999. Let v(k) = 7*k**2 + 3*k - 3. Let p(g) = -8*g**2 - 3*g + 4. Let f(b) = 4*p(b) + 5*v(b). Give f(h).
37
Let a(m) = -m**2 - 8*m - 4. Suppose -15 = -34*y - 27*y + 66*y. Determine a(y).
11
Let l be -1 + 0 - (-2)/2. Suppose 10*g - 3*g - 35 = l. Let s be 11/55 + 19/g. Let u(k) = k**3 - 3*k**2 - 4*k. Calculate u(s).
0
Let n(v) = 3*v**3 - 2*v + 2. Let b = -31 + 32. Let j be (10/(-30))/(b/(-3)). What is n(j)?
3
Let t = 5713 - 5710. Let x(i) be the third derivative of 0*i + 26*i**2 + 0 + 1/2*i**t - 1/12*i**5 + 1/6*i**4 - 1/120*i**6. Calculate x(-5).
-17
Suppose -17*u - 98 = 32*u. Let x(z) be the third derivative of -3*z**4/8 + z**2 + 22. Give x(u).
18
Let u(b) = 5597*b - 2807*b + 21 - 2794*b. Determine u(11).
-23
Let x(l) be the first derivative of l**3/3 - 11*l**2/2 + 12*l - 2739. Determine x(5).
-18
Let z be (((-51)/2)/(-17))/(4/(-8)). Let k(t) = 7*t**3 + 3*t**2 + 3*t - 1. What is k(z)?
-172
Suppose 580*r + 24 = 572*r. Let y(j) = 6*j**2 - 2*j**3 + 4*j - 1 + 3*j**3 - 2*j**2. Determine y(r).
-4
Suppose -145*f - 11 = -r - 140*f, -4*r = -3*f - 10. Let s(p) = -2*p**3 - p + 1. Calculate s(r).
-2
Let q(t) be the first derivative of t**2/2 - 13*t + 48. Let y(v) = 2*v - 39. Let z(i) = -11*q(i) + 4*y(i). Give z(-6).
5
Let d(t) = t**3 + 7*t**2 + 2*t + 8. Suppose -4 - 26 = 15*u. Let g be 0*1/u - (4 - 25). Suppose -b - 7 = -4*v, -2*b - g = b - 4*v. Give d(b).
-6
Let x(g) = -2*g - 331. Let r(q) = 3*q + 391. Let i(v) = -6*r(v) - 7*x(v). What is i(4)?
-45
Suppose w = 5*y + 51, 3*y + 246*w - 245*w + 21 = 0. Let x(u) = 4*u + 5*u + 0*u**2 + u**2 - 6. Give x(y).
-6
Let n(j) = 1 - 2 - 3 - 1 + 10*j. Let m be n(2). Suppose -3*q = m, 0 = 3*r - 0*r - 4*q - 17. Let o(v) = 3*v**3 - v**2 + v + 1. Determine o(r).
-4
Suppose 5*t = 2*l - 151, -23 + 172 = 2*l - 3*t. Let s = -78 + l. Let q(n) be the third derivative of n**4/12 + 2*n**2. Give q(s).
-10
Let u(v) = -12*v**3 - v**2 - v. Let l(q) = -4*q**2 - 42*q + 23. Let t be l(-11). Suppose 3*f = -7 + t. Let m be (f/6)/((-6)/(-18)). What is u(m)?
12
Let m(b) = -2*b**3 - 3*b**2 + 8*b + 13. Let l be m(-3). Let z = l - 19. Let n(d) be the third derivative of d**4/12 - 2*d**3/3 - 16*d**2. Give n(z).
-10
Suppose -205 = o + 585. Let s = -787 - o. Let t(d) = -d**2 + 4*d - 2. Determine t(s).
1
Suppose 0 = -2*l - 3*h + 14, -39*l + 20 = -35*l + 4*h. Let s(i) = 48*i**3 - i**2 + 3*i - 2. Give s(l).
48
Let h be (-4)/6*(-9)/(-6)*-